27 is divided by u.
28
What is the remainder when 569 is divided by 67/13 + (-164)/1066?
4
Suppose -2 = -c, -4*x - c = 4*c - 1830. Calculate the remainder when x is divided by 30.
5
Let m(x) = -178*x - 1013. What is the remainder when 599 is divided by m(-6)?
49
Let f(q) = q**3 + 10*q**2 + 10*q + 12. Calculate the remainder when 2495 is divided by f(-6).
95
Suppose 25*a - 1584 = 216. What is the remainder when 1203 is divided by a?
51
Let h(m) = -2*m + 2. Let w(f) = -20*f + 89. Let s(v) = -11*v + 45. Let q(y) = -11*s(y) + 6*w(y). What is the remainder when q(0) is divided by h(-6)?
11
Suppose -109*d - 44498 = -224239. What is the remainder when d is divided by 334?
313
Suppose 3358*r + 1015 = 3363*r. Suppose 135 = 4*j - 69. What is the remainder when r is divided by j?
50
Let s = 173 - 133. Suppose 0 = -11*o + s + 2534. What is the remainder when o is divided by 17?
13
What is the remainder when 135 is divided by (-67)/(-7) + -2 - (-6)/63*-6?
2
Let n(u) = 3*u**3 + 9*u**2 - 88*u + 478. What is the remainder when n(6) is divided by 46?
2
Calculate the remainder when (-10 - 715/(-78)) + (-25148)/(-24) is divided by 16.
7
Let m = 9721 - 9680. What is the remainder when 1186 is divided by m?
38
Let j(k) = k**2 - 7. Let w be j(3). Let f be 8 + 6/w*-1. Suppose -f*x = 3*m - 623, -4*m = x + m - 107. What is the remainder when x is divided by 33?
28
Let l = 140 + 274. Suppose l = 19*n - 840. Calculate the remainder when n is divided by 25.
16
Suppose p = y - 3, 5*p + 0*y + 21 = -y. What is the remainder when 211 is divided by 53 + 20/4 + p?
49
Let w = -1125 - -1138. Calculate the remainder when 94 is divided by w.
3
Suppose 2*k = 14 - 18. Let j be (k - -3) + 30/10. Suppose 0 = -2*d - 5*l + 211, -5*d + j*l = -l - 475. Calculate the remainder when d is divided by 25.
23
Suppose -x = -4, -3*x + 193 = 4*w - 111. Calculate the remainder when w is divided by 66.
7
Let o = 17 - 18. Calculate the remainder when ((-2 - o) + -3 - -7) + 13 is divided by 12.
4
Suppose -10*l - 3676 = 594. Let x = -403 - l. What is the remainder when x is divided by 15?
9
Let v = 3023 + -2792. What is the remainder when v is divided by 26?
23
Suppose 40*g - 82115 - 22645 = 0. Calculate the remainder when g is divided by 131.
130
Let k = 17 - 3. What is the remainder when (3/1)/((-249)/(-3320)) is divided by k?
12
What is the remainder when 901 is divided by (2/(-8) - 0)*(-149 + (-9 - 6))?
40
Suppose g + 1388 = 3*g. Suppose 5*r = -149 + g. Let s = 108050 + -108034. Calculate the remainder when r is divided by s.
13
Suppose 31 = 5*w - 4*v - 120, 0 = 4*w + 4*v - 92. Suppose 8*o - 858 = -13*o - 18*o. Calculate the remainder when w is divided by o.
5
Let h(q) = -q**3 - 6*q**2 - 6*q + 6. Let a be (-1)/(4 + 1372/(-344)). Let r = a + 81. Calculate the remainder when 29 is divided by h(r).
7
Let z = 446 - 455. What is the remainder when 231 is divided by 12 - 2*(-3)/18*z?
6
Let q(h) = -2*h**3 + 12*h**2 + 7*h - 4. Let o be q(6). Suppose -8*w + o = -26. Let t(n) = 47*n**2. Calculate the remainder when t(-1) is divided by w.
7
Suppose -12 = -2*c - 2*a, -3*a + 15 = -c + 3*c. Let h = 49 + -40. Let w(k) = -k**3 + 10*k**2 - 7*k - 2. Calculate the remainder when w(h) is divided by c.
1
Let y = -19606 + 20174. What is the remainder when 1138 is divided by y?
2
Calculate the remainder when (-369)/30*(-168)/36*(-560)/(-16) is divided by 105.
14
Let g(f) = -12*f + 53. Let d be g(4). Suppose 157 + 115 = d*z - 4*p, z + 2*p - 60 = 0. What is the remainder when 213 is divided by z?
45
Suppose m - 2*n = 126, 0 = 3*m - 3*n + 2*n - 393. Suppose 0 = -2*h + 46 - 178. Let j = m + h. What is the remainder when j is divided by 24?
18
Suppose 5*a + 3*w - 9 = 7, 0 = -2*w + 4. Suppose -g = 4*t - 0*g, -3*t + 11 = -a*g. What is the remainder when (468/(-27))/((2/(-3))/t) is divided by 14?
12
Suppose 3*o - 147 = -0*o. What is the remainder when 555786/1617 + (-4)/14*6 is divided by o?
48
Let y(f) = -f + 29. Let v be y(24). Suppose 0 = m - v*m - 48. What is the remainder when 55 is divided by 3 - m/((-4)/(-4))?
10
Suppose -m - 4*x = -97, 4*m - 331 = m - 4*x. Let s be 29 + -1 - 15/5. Suppose 20*r - 5*p = 21*r - s, r + p = 17. Calculate the remainder when m is divided by r.
12
Let b(m) = -156*m + 4992. What is the remainder when b(11) is divided by 17?
12
Let a = -18060 + 19517. What is the remainder when 4378 is divided by a?
7
Let g = -8727 + 8847. Calculate the remainder when 719 is divided by g.
119
Calculate the remainder when 13/(-52) + ((-134952)/(-32) - (-8)/(-4)) is divided by 57.
54
Suppose 10*v + 6082 = 642. Let s = -508 - v. What is the remainder when 111 is divided by s?
3
Suppose -4*u - 4*n = 8, 2*u = -3*n - 5 - 1. Suppose 6*a - 380 - 388 = u. Calculate the remainder when a is divided by 16.
0
Let p = -319 - -191. Let h = p + 159. What is the remainder when 147 is divided by h?
23
Calculate the remainder when (-15)/(-6)*(5 - (-1456)/80) is divided by 12.
10
Let u = -14178 + 14184. Suppose -29 = -4*i + 3*v, -2*v - 19 = -5*i - 4*v. Suppose o + i = 21. What is the remainder when o is divided by u?
4
What is the remainder when 8/6*1 + 290/3 is divided by -1 + -3 + 1 + 32?
11
Let s = 605 + -325. Let d = s + -13. Calculate the remainder when d is divided by 45.
42
Suppose 147 = 3*x + 3*w, 25 = 4*x - 3*x - 5*w. Calculate the remainder when 1660 is divided by x.
40
Suppose 3*z - 308 = -2*t, -3*z + 4*t + 304 = 2*t. Calculate the remainder when 216 is divided by z.
12
Let v = 45 - 48. Let t(g) = -g**3 - 4*g**2 + g + 7. Let l be t(v). Calculate the remainder when 47 is divided by ((-1)/(l/(-4)))/((-15)/450).
23
Let n be 1 - ((-14)/(-7) - (3 + 0)). Suppose -128 = -n*u - 74. What is the remainder when u is divided by (-53)/(-3) - (-2)/6?
9
Let g = -47 + 34. Let c(u) = -34*u**2 + 11*u - 40*u**2 + 107*u**2 - 32*u**2 - 1. Calculate the remainder when 73 is divided by c(g).
23
Suppose 39 + 12 = -3*d. Let n = d + 19. Suppose -t - 7 = 5*q - 107, t = -n*q + 40. Calculate the remainder when q is divided by 11.
9
Suppose 5*k = -3*y + 13151, 45*k + y = 44*k + 2629. What is the remainder when k is divided by 376?
0
Let f(l) = -l**2 + 9*l - 8. Suppose 7*i + 953 = 85. Let h be -4 + i/(-12) + (-4)/(-6). What is the remainder when 35 is divided by f(h)?
5
Let t be (2/4)/((-19)/(-152)). Suppose k = -v - k + t, 0 = -v - k + 5. Calculate the remainder when 43 is divided by 11/((-3)/v*-1).
21
Suppose 5*f - 30 = -5*z, 4*z + 10 = f + 49. Calculate the remainder when 1/(z/708)*126/56 is divided by 46.
39
Let w = -42 + 88. Let q = -1224 + 529. Let v = -422 - q. What is the remainder when v is divided by w?
43
Let f(n) = 2*n**2 - 73*n + 202. Calculate the remainder when 3998 is divided by f(34).
30
Suppose 0 = -4*p + 4, 0 = l + 5*p - 0*p - 30. Calculate the remainder when -155 + 203 - (-2 - -4) is divided by l.
21
Suppose -21*c = -18*c + 402. Let u = c - -140. Calculate the remainder when 27 is divided by u.
3
Let q(k) = 11*k + 26. Let w(r) = 5*r + 3. Let u be w(5). Suppose 7*x - 91 + u = 0. Calculate the remainder when q(x) is divided by 18.
17
Let g be (-28)/(-70) - (-2)/(-5). Suppose -2*i + 9 + 83 = g. Suppose 6*b - 60 = b. Calculate the remainder when i is divided by b.
10
Suppose -4*z = z. Suppose -3*l + 19*p - 67 = 15*p, -5*l - 93 = -2*p. What is the remainder when 8 is divided by (-117)/l + z - 14/(-119)?
1
Let l = 4536 - 3990. Calculate the remainder when l is divided by 22.
18
Suppose -11666 = -24*w + 180017 + 94709. Calculate the remainder when w is divided by 155.
153
Suppose 19*r + r = 120. Suppose -4*j = 5*s - 108, 10*j = r*j - s + 108. What is the remainder when j is divided by 21?
6
Suppose 83*j + 3*x = 85*j - 6, j = 3*x - 9. Calculate the remainder when 11412 is divided by j.
12
Let f(d) = -d**3 - 111*d**2 + 91*d - 969. What is the remainder when f(-112) is divided by 8?
7
Let t(i) = 2*i**2 - 246*i - 1262. What is the remainder when 819 is divided by t(-5)?
9
Suppose -13*u = 6*u - 3458. Suppose 0 = 2*i + k - u, -i - 3*k + 453 = 4*i. Calculate the remainder when i is divided by 40.
13
Let w be -8*6/12*(0 - -4). Let k(z) = -z**2 - 15*z + 45. What is the remainder when ((-1)/(-1) - 29)*-4 is divided by k(w)?
25
Let y = 26 - 35. Let t(q) = -q**3 - 11*q**2 - 24*q - 23. Calculate the remainder when 150 is divided by t(y).
26
Suppose